{"id":172,"date":"2023-01-20T10:58:10","date_gmt":"2023-01-20T10:58:10","guid":{"rendered":"https:\/\/www.inbluefilms.com\/?page_id=172"},"modified":"2026-04-02T09:52:29","modified_gmt":"2026-04-02T09:52:29","slug":"documentales","status":"publish","type":"page","link":"https:\/\/www.inbluefilms.com\/?page_id=172","title":{"rendered":"Documentales"},"content":{"rendered":"\t\t<div data-elementor-type=\"wp-page\" data-elementor-id=\"172\" class=\"elementor elementor-172\">\n\t\t\t\t\t\t<section class=\"elementor-section elementor-top-section elementor-element elementor-element-74d00ba elementor-section-boxed elementor-section-height-default elementor-section-height-default\" data-id=\"74d00ba\" data-element_type=\"section\">\n\t\t\t\t\t\t<div class=\"elementor-container elementor-column-gap-default\">\n\t\t\t\t\t<div class=\"elementor-column elementor-col-100 elementor-top-column elementor-element elementor-element-544fca2\" data-id=\"544fca2\" data-element_type=\"column\">\n\t\t\t<div class=\"elementor-widget-wrap elementor-element-populated\">\n\t\t\t\t\t\t<div class=\"elementor-element elementor-element-bbf39d1 elementor-drop-cap-yes elementor-drop-cap-view-default elementor-widget elementor-widget-text-editor\" data-id=\"bbf39d1\" data-element_type=\"widget\" data-settings=\"{&quot;drop_cap&quot;:&quot;yes&quot;}\" data-widget_type=\"text-editor.default\">\n\t\t\t\t<div class=\"elementor-widget-container\">\n\t\t\t\t\t\t\t\t\t<p data-start=\"334\" data-end=\"475\">El documental es uno de los pilares de nuestro trabajo: un formato desde el que exploramos historias con profundidad y vocaci\u00f3n de impacto.<\/p><p data-start=\"482\" data-end=\"709\">Nuestros proyectos abordan tem\u00e1ticas hist\u00f3ricas, culturales y ambientales, con el objetivo de generar una conexi\u00f3n real con la audiencia: ya sea aportando conocimiento o despertando una mirada cr\u00edtica que invite a implicarse.<\/p><p data-start=\"716\" data-end=\"900\">En un contexto donde el contenido audiovisual es m\u00e1s abundante que nunca, apostamos por piezas que aporten valor y dejen huella. Nuestras \u00faltimas producciones reflejan este compromiso.<\/p>\t\t\t\t\t\t\t\t<\/div>\n\t\t\t\t<\/div>\n\t\t\t\t\t<\/div>\n\t\t<\/div>\n\t\t\t\t\t<\/div>\n\t\t<\/section>\n\t\t\t\t<section class=\"elementor-section elementor-top-section elementor-element elementor-element-f1fccd2 elementor-section-boxed elementor-section-height-default elementor-section-height-default\" data-id=\"f1fccd2\" data-element_type=\"section\" data-settings=\"{&quot;background_background&quot;:&quot;video&quot;}\">\n\t\t\t\t\t\t<div class=\"elementor-container elementor-column-gap-default\">\n\t\t\t\t\t<div class=\"elementor-column elementor-col-100 elementor-top-column elementor-element elementor-element-57ef59e\" data-id=\"57ef59e\" data-element_type=\"column\">\n\t\t\t<div class=\"elementor-widget-wrap elementor-element-populated\">\n\t\t\t\t\t\t<div class=\"elementor-element elementor-element-10745ba elementor-widget elementor-widget-video\" data-id=\"10745ba\" data-element_type=\"widget\" data-settings=\"{&quot;youtube_url&quot;:&quot;https:\\\/\\\/www.youtube.com\\\/watch?v=IeMI7bJsxH0&amp;t=1s&quot;,&quot;video_type&quot;:&quot;youtube&quot;,&quot;controls&quot;:&quot;yes&quot;}\" data-widget_type=\"video.default\">\n\t\t\t\t<div class=\"elementor-widget-container\">\n\t\t\t\t\t\t\t<div class=\"elementor-wrapper elementor-open-inline\">\n\t\t\t<div class=\"elementor-video\"><\/div>\t\t<\/div>\n\t\t\t\t\t\t<\/div>\n\t\t\t\t<\/div>\n\t\t\t\t\t<\/div>\n\t\t<\/div>\n\t\t\t\t\t<\/div>\n\t\t<\/section>\n\t\t\t\t<section class=\"elementor-section elementor-top-section elementor-element elementor-element-3fbe3c9 elementor-section-boxed elementor-section-height-default elementor-section-height-default\" data-id=\"3fbe3c9\" data-element_type=\"section\">\n\t\t\t\t\t\t<div class=\"elementor-container elementor-column-gap-default\">\n\t\t\t\t\t<div class=\"elementor-column elementor-col-100 elementor-top-column elementor-element elementor-element-549f051\" data-id=\"549f051\" data-element_type=\"column\">\n\t\t\t<div class=\"elementor-widget-wrap elementor-element-populated\">\n\t\t\t\t\t\t<div class=\"elementor-element elementor-element-90abc8b elementor-widget elementor-widget-text-editor\" data-id=\"90abc8b\" data-element_type=\"widget\" data-widget_type=\"text-editor.default\">\n\t\t\t\t<div class=\"elementor-widget-container\">\n\t\t\t\t\t\t\t\t\t<p>SINOPSIS<\/p><p data-start=\"931\" data-end=\"1204\">En 1795, el nav\u00edo de guerra <em data-start=\"959\" data-end=\"974\">El Triunfante<\/em>, armado con 70 ca\u00f1ones, se hunde en el Golfo de Rosas durante el asedio franc\u00e9s. M\u00e1s de dos siglos despu\u00e9s, su pecio se ha convertido en uno de los yacimientos subacu\u00e1ticos m\u00e1s relevantes \u2014y tambi\u00e9n m\u00e1s expoliados\u2014 de Catalu\u00f1a.<\/p><p data-start=\"1211\" data-end=\"1444\">A partir de testimonios de historiadores, arque\u00f3logos y protagonistas de su hallazgo, el documental reconstruye la historia del buque y el contexto de la ingenier\u00eda naval del siglo XVIII, marcada por las innovaciones de Jorge Juan.<\/p><p data-start=\"1451\" data-end=\"1655\">Las recientes campa\u00f1as del Centro de Arqueolog\u00eda Subacu\u00e1tica de Catalu\u00f1a (CASC) abren una nueva etapa: investigar, proteger y recuperar un patrimonio clave que a\u00fan guarda importantes secretos bajo el mar.<\/p>\t\t\t\t\t\t\t\t<\/div>\n\t\t\t\t<\/div>\n\t\t\t\t\t<\/div>\n\t\t<\/div>\n\t\t\t\t\t<\/div>\n\t\t<\/section>\n\t\t\t\t<section class=\"elementor-section elementor-top-section elementor-element elementor-element-65293f1 elementor-section-boxed elementor-section-height-default elementor-section-height-default\" data-id=\"65293f1\" data-element_type=\"section\">\n\t\t\t\t\t\t<div class=\"elementor-container elementor-column-gap-default\">\n\t\t\t\t\t<div class=\"elementor-column elementor-col-100 elementor-top-column elementor-element elementor-element-bee172f\" data-id=\"bee172f\" data-element_type=\"column\">\n\t\t\t<div class=\"elementor-widget-wrap elementor-element-populated\">\n\t\t\t\t\t\t<div class=\"elementor-element elementor-element-038a57d elementor-widget elementor-widget-video\" data-id=\"038a57d\" data-element_type=\"widget\" data-settings=\"{&quot;youtube_url&quot;:&quot;https:\\\/\\\/www.youtube.com\\\/watch?v=EQn_KDC6xZo&quot;,&quot;video_type&quot;:&quot;youtube&quot;,&quot;controls&quot;:&quot;yes&quot;}\" data-widget_type=\"video.default\">\n\t\t\t\t<div class=\"elementor-widget-container\">\n\t\t\t\t\t\t\t<div class=\"elementor-wrapper elementor-open-inline\">\n\t\t\t<div class=\"elementor-video\"><\/div>\t\t<\/div>\n\t\t\t\t\t\t<\/div>\n\t\t\t\t<\/div>\n\t\t\t\t\t<\/div>\n\t\t<\/div>\n\t\t\t\t\t<\/div>\n\t\t<\/section>\n\t\t\t\t<section class=\"elementor-section elementor-top-section elementor-element elementor-element-b78f473 elementor-section-boxed elementor-section-height-default elementor-section-height-default\" data-id=\"b78f473\" data-element_type=\"section\">\n\t\t\t\t\t\t<div class=\"elementor-container elementor-column-gap-default\">\n\t\t\t\t\t<div class=\"elementor-column elementor-col-100 elementor-top-column elementor-element elementor-element-be11564\" data-id=\"be11564\" data-element_type=\"column\">\n\t\t\t<div class=\"elementor-widget-wrap elementor-element-populated\">\n\t\t\t\t\t\t<div class=\"elementor-element elementor-element-665c77a elementor-widget elementor-widget-text-editor\" data-id=\"665c77a\" data-element_type=\"widget\" data-widget_type=\"text-editor.default\">\n\t\t\t\t<div class=\"elementor-widget-container\">\n\t\t\t\t\t\t\t\t\t<p>SINOPSIS<\/p><p data-start=\"393\" data-end=\"650\">El r\u00edo Ter es la principal fuente de agua para m\u00e1s de cinco millones de personas en Catalu\u00f1a. Pero d\u00e9cadas de sobreexplotaci\u00f3n, iniciadas con la construcci\u00f3n de embalses en el siglo XX, y agravadas hoy por el cambio clim\u00e1tico, lo est\u00e1n llevando al l\u00edmite.<\/p><p data-start=\"657\" data-end=\"885\">Entre sequ\u00edas cada vez m\u00e1s intensas y episodios de inundaciones extremas, su equilibrio ecol\u00f3gico se ve amenazado, poniendo en riesgo no solo sus ecosistemas, sino tambi\u00e9n el futuro del abastecimiento de agua en el territorio.<\/p><p data-start=\"892\" data-end=\"1147\">A trav\u00e9s de expertos, testimonios y el propio paisaje del r\u00edo, el documental plantea una pregunta urgente: \u00bfes posible revertir esta situaci\u00f3n? La respuesta pasa por una gesti\u00f3n m\u00e1s sostenible y una adaptaci\u00f3n inmediata a los nuevos escenarios clim\u00e1ticos.<\/p>\t\t\t\t\t\t\t\t<\/div>\n\t\t\t\t<\/div>\n\t\t\t\t\t<\/div>\n\t\t<\/div>\n\t\t\t\t\t<\/div>\n\t\t<\/section>\n\t\t\t\t<\/div>\n\t\t","protected":false},"excerpt":{"rendered":"<p>El documental es uno de los pilares de nuestro trabajo: un formato desde el que exploramos historias con profundidad y vocaci\u00f3n de impacto. Nuestros proyectos abordan tem\u00e1ticas hist\u00f3ricas, culturales y ambientales, con el objetivo de generar una conexi\u00f3n real con la audiencia: ya sea aportando conocimiento o despertando una mirada cr\u00edtica que invite a implicarse. &hellip; <\/p>\n<p class=\"link-more\"><a href=\"https:\/\/www.inbluefilms.com\/?page_id=172\" class=\"more-link\">Leer m\u00e1s<span class=\"screen-reader-text\"> \u00abDocumentales\u00bb<\/span><\/a><\/p>\n","protected":false},"author":1,"featured_media":331,"parent":0,"menu_order":0,"comment_status":"closed","ping_status":"closed","template":"","meta":{"footnotes":""},"class_list":["post-172","page","type-page","status-publish","has-post-thumbnail","hentry"],"featured_media_urls":{"thumbnail":["https:\/\/www.inbluefilms.com\/wp-content\/uploads\/2023\/01\/Rodaje_Gola_de_Ter-scaled-e1674498066819-150x150.jpeg",150,150,true],"medium":["https:\/\/www.inbluefilms.com\/wp-content\/uploads\/2023\/01\/Rodaje_Gola_de_Ter-scaled-e1674498066819-300x115.jpeg",300,115,true],"medium_large":["https:\/\/www.inbluefilms.com\/wp-content\/uploads\/2023\/01\/Rodaje_Gola_de_Ter-scaled-e1674498066819-768x294.jpeg",768,294,true],"large":["https:\/\/www.inbluefilms.com\/wp-content\/uploads\/2023\/01\/Rodaje_Gola_de_Ter-scaled-e1674498066819-1024x392.jpeg",950,364,true],"1536x1536":["https:\/\/www.inbluefilms.com\/wp-content\/uploads\/2023\/01\/Rodaje_Gola_de_Ter-scaled-e1674498066819-1536x587.jpeg",1536,587,true],"2048x2048":["https:\/\/www.inbluefilms.com\/wp-content\/uploads\/2023\/01\/Rodaje_Gola_de_Ter-scaled-e1674498066819-2048x783.jpeg",2048,783,true],"inspiro-featured-image":["https:\/\/www.inbluefilms.com\/wp-content\/uploads\/2023\/01\/Rodaje_Gola_de_Ter-scaled-e1674498066819-2000x765.jpeg",2000,765,true],"inspiro-loop":["https:\/\/www.inbluefilms.com\/wp-content\/uploads\/2023\/01\/Rodaje_Gola_de_Ter-scaled-e1674498066819-950x320.jpeg",950,320,true],"inspiro-loop@2x":["https:\/\/www.inbluefilms.com\/wp-content\/uploads\/2023\/01\/Rodaje_Gola_de_Ter-scaled-e1674498066819-1900x640.jpeg",1900,640,true],"portfolio_item-thumbnail":["https:\/\/www.inbluefilms.com\/wp-content\/uploads\/2023\/01\/Rodaje_Gola_de_Ter-scaled-e1674498066819-600x400.jpeg",600,400,true],"portfolio_item-thumbnail@2x":["https:\/\/www.inbluefilms.com\/wp-content\/uploads\/2023\/01\/Rodaje_Gola_de_Ter-scaled-e1674498066819.jpeg",1200,459,false],"portfolio_item-masonry":["https:\/\/www.inbluefilms.com\/wp-content\/uploads\/2023\/01\/Rodaje_Gola_de_Ter-scaled-e1674498066819-600x229.jpeg",600,229,true],"portfolio_item-masonry@2x":["https:\/\/www.inbluefilms.com\/wp-content\/uploads\/2023\/01\/Rodaje_Gola_de_Ter-scaled-e1674498066819.jpeg",1200,459,false],"portfolio_item-thumbnail_cinema":["https:\/\/www.inbluefilms.com\/wp-content\/uploads\/2023\/01\/Rodaje_Gola_de_Ter-scaled-e1674498066819-800x335.jpeg",800,335,true],"portfolio_item-thumbnail_portrait":["https:\/\/www.inbluefilms.com\/wp-content\/uploads\/2023\/01\/Rodaje_Gola_de_Ter-scaled-e1674498066819-600x900.jpeg",600,900,true],"portfolio_item-thumbnail_portrait@2x":["https:\/\/www.inbluefilms.com\/wp-content\/uploads\/2023\/01\/Rodaje_Gola_de_Ter-scaled-e1674498066819.jpeg",1200,459,false],"portfolio_item-thumbnail_square":["https:\/\/www.inbluefilms.com\/wp-content\/uploads\/2023\/01\/Rodaje_Gola_de_Ter-scaled-e1674498066819-800x800.jpeg",800,800,true]},"_links":{"self":[{"href":"https:\/\/www.inbluefilms.com\/index.php?rest_route=\/wp\/v2\/pages\/172","targetHints":{"allow":["GET"]}}],"collection":[{"href":"https:\/\/www.inbluefilms.com\/index.php?rest_route=\/wp\/v2\/pages"}],"about":[{"href":"https:\/\/www.inbluefilms.com\/index.php?rest_route=\/wp\/v2\/types\/page"}],"author":[{"embeddable":true,"href":"https:\/\/www.inbluefilms.com\/index.php?rest_route=\/wp\/v2\/users\/1"}],"replies":[{"embeddable":true,"href":"https:\/\/www.inbluefilms.com\/index.php?rest_route=%2Fwp%2Fv2%2Fcomments&post=172"}],"version-history":[{"count":44,"href":"https:\/\/www.inbluefilms.com\/index.php?rest_route=\/wp\/v2\/pages\/172\/revisions"}],"predecessor-version":[{"id":495,"href":"https:\/\/www.inbluefilms.com\/index.php?rest_route=\/wp\/v2\/pages\/172\/revisions\/495"}],"wp:featuredmedia":[{"embeddable":true,"href":"https:\/\/www.inbluefilms.com\/index.php?rest_route=\/wp\/v2\/media\/331"}],"wp:attachment":[{"href":"https:\/\/www.inbluefilms.com\/index.php?rest_route=%2Fwp%2Fv2%2Fmedia&parent=172"}],"curies":[{"name":"wp","href":"https:\/\/api.w.org\/{rel}","templated":true}]}}

<div data-elementor-type="wp-page" data-elementor-id="172" class="elementor elementor-172">
						<section class="elementor-section elementor-top-section elementor-element elementor-element-74d00ba elementor-section-boxed elementor-section-height-default elementor-section-height-default" data-id="74d00ba" data-element_type="section">
						<div class="elementor-container elementor-column-gap-default">
					<div class="elementor-column elementor-col-100 elementor-top-column elementor-element elementor-element-544fca2" data-id="544fca2" data-element_type="column">
			<div class="elementor-widget-wrap elementor-element-populated">
						<div class="elementor-element elementor-element-bbf39d1 elementor-drop-cap-yes elementor-drop-cap-view-default elementor-widget elementor-widget-text-editor" data-id="bbf39d1" data-element_type="widget" data-settings="{&quot;drop_cap&quot;:&quot;yes&quot;}" data-widget_type="text-editor.default">
				<div class="elementor-widget-container">
									<p data-start="334" data-end="475">El documental es uno de los pilares de nuestro trabajo: un formato desde el que exploramos historias con profundidad y vocación de impacto.</p><p data-start="482" data-end="709">Nuestros proyectos abordan temáticas históricas, culturales y ambientales, con el objetivo de generar una conexión real con la audiencia: ya sea aportando conocimiento o despertando una mirada crítica que invite a implicarse.</p><p data-start="716" data-end="900">En un contexto donde el contenido audiovisual es más abundante que nunca, apostamos por piezas que aporten valor y dejen huella. Nuestras últimas producciones reflejan este compromiso.</p>								</div>
				</div>
					</div>
		</div>
					</div>
		</section>
				<section class="elementor-section elementor-top-section elementor-element elementor-element-f1fccd2 elementor-section-boxed elementor-section-height-default elementor-section-height-default" data-id="f1fccd2" data-element_type="section" data-settings="{&quot;background_background&quot;:&quot;video&quot;}">
						<div class="elementor-container elementor-column-gap-default">
					<div class="elementor-column elementor-col-100 elementor-top-column elementor-element elementor-element-57ef59e" data-id="57ef59e" data-element_type="column">
			<div class="elementor-widget-wrap elementor-element-populated">
						<div class="elementor-element elementor-element-10745ba elementor-widget elementor-widget-video" data-id="10745ba" data-element_type="widget" data-settings="{&quot;youtube_url&quot;:&quot;https:\/\/www.youtube.com\/watch?v=IeMI7bJsxH0&amp;t=1s&quot;,&quot;video_type&quot;:&quot;youtube&quot;,&quot;controls&quot;:&quot;yes&quot;}" data-widget_type="video.default">
				<div class="elementor-widget-container">
							<div class="elementor-wrapper elementor-open-inline">
			<div class="elementor-video"></div>		</div>
						</div>
				</div>
					</div>
		</div>
					</div>
		</section>
				<section class="elementor-section elementor-top-section elementor-element elementor-element-3fbe3c9 elementor-section-boxed elementor-section-height-default elementor-section-height-default" data-id="3fbe3c9" data-element_type="section">
						<div class="elementor-container elementor-column-gap-default">
					<div class="elementor-column elementor-col-100 elementor-top-column elementor-element elementor-element-549f051" data-id="549f051" data-element_type="column">
			<div class="elementor-widget-wrap elementor-element-populated">
						<div class="elementor-element elementor-element-90abc8b elementor-widget elementor-widget-text-editor" data-id="90abc8b" data-element_type="widget" data-widget_type="text-editor.default">
				<div class="elementor-widget-container">
									<p>SINOPSIS</p><p data-start="931" data-end="1204">En 1795, el navío de guerra <em data-start="959" data-end="974">El Triunfante</em>, armado con 70 cañones, se hunde en el Golfo de Rosas durante el asedio francés. Más de dos siglos después, su pecio se ha convertido en uno de los yacimientos subacuáticos más relevantes —y también más expoliados— de Cataluña.</p><p data-start="1211" data-end="1444">A partir de testimonios de historiadores, arqueólogos y protagonistas de su hallazgo, el documental reconstruye la historia del buque y el contexto de la ingeniería naval del siglo XVIII, marcada por las innovaciones de Jorge Juan.</p><p data-start="1451" data-end="1655">Las recientes campañas del Centro de Arqueología Subacuática de Cataluña (CASC) abren una nueva etapa: investigar, proteger y recuperar un patrimonio clave que aún guarda importantes secretos bajo el mar.</p>								</div>
				</div>
					</div>
		</div>
					</div>
		</section>
				<section class="elementor-section elementor-top-section elementor-element elementor-element-65293f1 elementor-section-boxed elementor-section-height-default elementor-section-height-default" data-id="65293f1" data-element_type="section">
						<div class="elementor-container elementor-column-gap-default">
					<div class="elementor-column elementor-col-100 elementor-top-column elementor-element elementor-element-bee172f" data-id="bee172f" data-element_type="column">
			<div class="elementor-widget-wrap elementor-element-populated">
						<div class="elementor-element elementor-element-038a57d elementor-widget elementor-widget-video" data-id="038a57d" data-element_type="widget" data-settings="{&quot;youtube_url&quot;:&quot;https:\/\/www.youtube.com\/watch?v=EQn_KDC6xZo&quot;,&quot;video_type&quot;:&quot;youtube&quot;,&quot;controls&quot;:&quot;yes&quot;}" data-widget_type="video.default">
				<div class="elementor-widget-container">
							<div class="elementor-wrapper elementor-open-inline">
			<div class="elementor-video"></div>		</div>
						</div>
				</div>
					</div>
		</div>
					</div>
		</section>
				<section class="elementor-section elementor-top-section elementor-element elementor-element-b78f473 elementor-section-boxed elementor-section-height-default elementor-section-height-default" data-id="b78f473" data-element_type="section">
						<div class="elementor-container elementor-column-gap-default">
					<div class="elementor-column elementor-col-100 elementor-top-column elementor-element elementor-element-be11564" data-id="be11564" data-element_type="column">
			<div class="elementor-widget-wrap elementor-element-populated">
						<div class="elementor-element elementor-element-665c77a elementor-widget elementor-widget-text-editor" data-id="665c77a" data-element_type="widget" data-widget_type="text-editor.default">
				<div class="elementor-widget-container">
									<p>SINOPSIS</p><p data-start="393" data-end="650">El río Ter es la principal fuente de agua para más de cinco millones de personas en Cataluña. Pero décadas de sobreexplotación, iniciadas con la construcción de embalses en el siglo XX, y agravadas hoy por el cambio climático, lo están llevando al límite.</p><p data-start="657" data-end="885">Entre sequías cada vez más intensas y episodios de inundaciones extremas, su equilibrio ecológico se ve amenazado, poniendo en riesgo no solo sus ecosistemas, sino también el futuro del abastecimiento de agua en el territorio.</p><p data-start="892" data-end="1147">A través de expertos, testimonios y el propio paisaje del río, el documental plantea una pregunta urgente: ¿es posible revertir esta situación? La respuesta pasa por una gestión más sostenible y una adaptación inmediata a los nuevos escenarios climáticos.</p>								</div>
				</div>
					</div>
		</div>
					</div>
		</section>
				</div>

<p>El documental es uno de los pilares de nuestro trabajo: un formato desde el que exploramos historias con profundidad y vocación de impacto. Nuestros proyectos abordan temáticas históricas, culturales y ambientales, con el objetivo de generar una conexión real con la audiencia: ya sea aportando conocimiento o despertando una mirada crítica que invite a implicarse. &hellip; </p>
<p class="link-more"><a href="https://www.inbluefilms.com/?page_id=172" class="more-link">Leer más<span class="screen-reader-text"> «Documentales»</span></a></p>
